 = 5*p + 3*x. Suppose -q - p = -2*q. Suppose 0 = -q*d + 151 - 59. What are the prime factors of d?
23
Let q = -8 + 14. Let g be q*(1 - 1/2). Suppose n = g*i - 0 - 11, 7 = 3*i + n. List the prime factors of i.
3
Let l(b) = -b**2 + 1. Let z(h) = -h**3 - 15*h**2 + 11*h - 1. Let d(n) = -4*l(n) + z(n). What are the prime factors of d(-12)?
7
Let p = 123 + -84. Let s be (-4)/6 + (-4)/(-6). Suppose s = -5*z + p + 1. What are the prime factors of z?
2
Let g be (-16)/6*(-1 + 4). Let v(h) = h**2 + 5*h - 6. Let t be v(-6). Let f = t - g. List the prime factors of f.
2
Let a = -3 + 27. List the prime factors of a.
2, 3
Suppose -57 - 36 = -3*o. What are the prime factors of o?
31
Let f = 99 - 61. List the prime factors of f.
2, 19
Suppose -4*m + 211 + 269 = 0. Suppose 0 = -4*c - 0*c + m. Suppose h + c = 5*r, -2*r + h = -3*h - 12. List the prime factors of r.
2, 3
Let s = -110 - -175. What are the prime factors of s?
5, 13
Let t = -51 + 77. What are the prime factors of t?
2, 13
Let w = -45 - -100. Let n = -23 + w. What are the prime factors of n?
2
What are the prime factors of (-1 - (-5)/2)/((-1)/(-16))?
2, 3
Suppose 30 = 5*d - 5*r, 5*d + 5*r = d - 3. Let j(p) = -p**2 + 7*p + 2. Let m be j(8). What are the prime factors of 6*m*d/(-12)?
3
Let d(a) = 2*a**2 + 3*a - 3. Let f be d(3). Let k be f*(0 - (-4)/(-6)). Let s = 23 + k. What are the prime factors of s?
7
Suppose -t + 64 - 5 = 0. What are the prime factors of t?
59
Suppose -3*f + 39 = v - 340, 3*f - 5*v = 409. What are the prime factors of f?
2
What are the prime factors of 12/(-4) + (108 - -2)?
107
Suppose 3*j - 27 = -h, 2*j - 32 = -0*h - h. List the prime factors of -2 + h - (-5)/(-5).
3, 13
Let u be (-1)/(-1)*-3 + 0. Let b = u - -1. What are the prime factors of (4 + b)*(0 + 2)?
2
Let q = 2 + -2. Suppose x + q*x = 5*i - 15, -3*i - 4*x = -32. List the prime factors of i.
2
Let u(p) = -6*p + 30. List the prime factors of u(-11).
2, 3
Suppose 2*y + 23 + 146 = -5*r, 3*y - 44 = r. What are the prime factors of (28/r)/(1/(-20))?
2
Let z(u) = -u**3 + 5*u**2 - 2*u + 4. Let m be z(3). Let f = m + -9. List the prime factors of f.
7
Suppose 4*w = 43 + 29. Let r = w + -10. What are the prime factors of r?
2
Let s(d) = d**2 + 8*d + 9. Let i = -16 - -9. Let a = -15 - i. What are the prime factors of s(a)?
3
Suppose -4*x + 261 = m, 4*m - 1 - 3 = 0. List the prime factors of x.
5, 13
Suppose -3*x = 4*p - 2*p + 27, 0 = 4*p - x + 19. Let j = p - -9. What are the prime factors of j/(3*-1)*-3?
3
Let u be (-2 + (-21)/(-9))*6. Let j(f) = 2*f**u - 4 + 3 + f + 2. List the prime factors of j(-1).
2
Suppose d = 5*d - 12. Suppose -28 - 5 = -d*z. What are the prime factors of z?
11
Suppose 5*z = 3*b - 2*b - 22, -3*z - 42 = -3*b. List the prime factors of 2/b + 1336/48.
2, 7
Let c be 3/((-50)/17 - -3). Let n = c + -15. What are the prime factors of n?
2, 3
Suppose -3*z + f = 93 - 344, -87 = -z - 3*f. What are the prime factors of z?
2, 3, 7
Let x = 21 + -37. Let k = 37 + x. Suppose -k = -4*b + 43. List the prime factors of b.
2
What are the prime factors of (-53)/(-4) - 6/(-8)?
2, 7
Suppose -154 = 4*f - 442. Suppose -b - b = -c + 12, f = 5*c - 4*b. Suppose -a - c = -2*n, -2 - 10 = -3*a. What are the prime factors of n?
2, 5
Suppose 0 = -0*w - 2*w - 3*y - 28, y - 20 = 3*w. Let m = w + 20. Suppose 0 = -5*c + 52 - m. What are the prime factors of c?
2
Let k(t) = 3*t**2 - 4*t - 1. What are the prime factors of k(6)?
83
Let i = 18 - 8. Suppose -v + i = -9. What are the prime factors of v?
19
Let k = -55 + 205. What are the prime factors of (4/(-5))/((-3)/k)?
2, 5
Let r(v) = v**3 - 8*v**2 + 3*v - 4. What are the prime factors of r(8)?
2, 5
Let j be 6/(-9) - (-22)/6. Let o be (-3)/(3/(-1*j)). What are the prime factors of 1/(o/30) - 0?
2, 5
Suppose t + 3*t = -3*q + 16, -5*q = -t + 4. List the prime factors of t.
2
Let g be -10*(-1)/(-2)*-1. Let l(q) = q**2 - 4*q - 2. What are the prime factors of l(g)?
3
Suppose 0*o - 3*o = 2*g + 3, 3*g - 43 = 5*o. Suppose 2*w + 12 = -0*w. Let x = g - w. What are the prime factors of x?
2, 3
Let s = -52 - -126. What are the prime factors of s?
2, 37
Let a = -201 - -323. List the prime factors of a.
2, 61
Let c(p) = p + 23. Suppose 9 = -6*k + 5*k. List the prime factors of c(k).
2, 7
Suppose 2*h - 3*h + 7 = 0. Let c(s) = 5*s + 5. What are the prime factors of c(h)?
2, 5
Let x(p) = -3*p - 4. Let d be x(-9). Let m = d - 61. List the prime factors of m/(-8) - 2/(-8).
5
Let g(c) = -c**3 + 9*c**2 - 2*c + 2. What are the prime factors of g(6)?
2, 7
List the prime factors of 2 + -4 + 103 - 2/(-1).
103
Let x = 8 + -8. Suppose 0 = -x*g - g + 7. List the prime factors of g.
7
Suppose 3*q = 4*a + 24 - 259, 4*q - 112 = -2*a. What are the prime factors of a?
2, 29
Let r(b) = -17*b + 2. Let q be r(-2). Let j = q + -21. List the prime factors of j.
3, 5
Suppose -11*w - 2*w = -1547. What are the prime factors of w?
7, 17
Suppose -4*f - 6 = 5*a, -2*f + 6 = -3*a + 20. What are the prime factors of a*(76/8 - -1)?
3, 7
Let x(z) = z + 5. Let c be x(-3). Let b = 3 + c. List the prime factors of b.
5
Let h = -26 - -28. Suppose g - h = -2*w - 6, -2*g = -2*w - 10. What are the prime factors of g?
2
Suppose -7 - 9 = -4*a. Suppose 24 = -5*b - 2*t + 72, a*t - 26 = -3*b. What are the prime factors of b?
2, 5
Let l(g) = 105*g**2 - 3*g + 1. What are the prime factors of l(-1)?
109
Suppose 26 = u - 44. Suppose 2*q - 28 = 3*v, -4*q + 2*v = 3*v - u. What are the prime factors of q?
17
Let u(j) = 11*j**2 + 2*j + 2. List the prime factors of u(5).
7, 41
Suppose -5*p = p - 228. List the prime factors of p.
2, 19
Let i be ((-28)/6)/((-2)/6). Let b be 2/(-2)*i + -1. What are the prime factors of ((-12)/b)/((-3)/(-30))?
2
Suppose -3*n + 5*o + 283 = n, 3*o + 277 = 4*n. List the prime factors of n.
67
Let p be (6/(-4))/(6/(-32)). Let z = 16 - p. List the prime factors of z.
2
Suppose 5*n - 283 = 47. What are the prime factors of n?
2, 3, 11
Suppose 32 = 4*h - 0*h. Let w = -4 + h. Let r = w - 2. What are the prime factors of r?
2
Suppose 5*a - a = 3*p - 360, -5*p + 571 = 3*a. List the prime factors of p.
2, 29
Let k(b) = b**3 + 3*b**2 + 2. Let m be k(-3). Suppose p - 9 = -m*j + 2*p, -4*p = 3*j + 14. What are the prime factors of j?
2
Suppose -2*p + 115 + 194 = 3*b, -2*b = -4*p - 206. List the prime factors of b.
103
Suppose -d = -3*m + 1, -2*d - 3 = -4*m - d. Suppose m*j + 15 = 89. What are the prime factors of j?
37
Suppose -2*u + 3*p = 4, 2*u - 6 = 5*u + 2*p. Let w(m) = -5*m + 3. Let z be w(3). List the prime factors of u/(-12) - 142/z.
2, 3
Let n(d) = 13*d - 24. List the prime factors of n(14).
2, 79
Suppose 5*n - 4*n = -2, -3*n = 3*i + 84. Let m = 52 + i. List the prime factors of m.
2, 13
Suppose 2 = 2*q + 6. Let v be 0/(q + -1) + 2. Suppose -2*c - v*c = -24. What are the prime factors of c?
2, 3
Suppose 14*s + 90 = 19*s. What are the prime factors of ((-4)/(-3))/(s/567)?
2, 3, 7
Suppose 0 = -w + 5*t + 80, -5*t + 220 = 4*w - w. List the prime factors of w.
3, 5
Let h(u) = 23*u + 1. List the prime factors of h(1).
2, 3
Let m = 3 + -1. Suppose -5*g = -s - 42, 3*s - 6 = -g + m*s. What are the prime factors of g?
2
Let f be 56/9 - (-6)/(-27). Let w = 9 - f. List the prime factors of w.
3
Let u(f) = f**3 + 13*f**2 + 10*f - 4. What are the prime factors of u(-8)?
2, 59
Suppose -2*a + 7*a = 0. Suppose -s + 33 = -a*s. List the prime factors of s.
3, 11
Let w = -67 - -95. Suppose 4*x - 16 = w. What are the prime factors of x?
11
Let o(b) = -14*b - 91. Let q(g) = g + 6. Let p(f) = -6*o(f) - 91*q(f). List the prime factors of p(-3).
3, 7
Let u(o) = -o**3 + 6*o**2 + 8*o - 3. Let v be u(7). Let x = 20 + v. What are the prime factors of x?
2, 3
Let y be ((-30)/(-4))/(3/4). Suppose -2*m + y = -m. List the prime factors of m.
2, 5
Suppose -25 = 5*f, 5*h = 4*f + 5 + 30. Suppose 6 = -r + 5*a, 0*r - h*r = -4*a - 15. List the prime factors of r.
3
Suppose 0 = 4*n - 7*n - 21. Let m = -11 - n. What are the prime factors of (0 + 9)*(-3 - m)?
3
Let r(v) be the second derivative of v**5/20 + 2*v**4/3 - 11*v**3/6 - v. List the prime factors of r(-9).
2, 3
Let n(d) = -d**2 - 2*d - 6. Let v(f) = -f**2 - f - 7. Let j(y) = -5*n(y) + 4*v(y). List the prime factors of j(-6).
2
Suppose m + 6 = -m. What are the prime factors of (-2 - m) + 2 + 0?
3
Let k be 1 + -5 - (-